?
2, 3, 5, 19
Let d(t) = t + 24. Let k be d(-21). Suppose 768 = -4*x + 2048. List the prime factors of k + (-1 - -2)/(4/x).
83
Let q(h) = 6*h**3 + h - 1. Let f be q(1). Let c be f/2 - 13/(52/(-900)). Let x = c - 114. List the prime factors of x.
2, 3, 19
Let c be (-48)/30 + 2*1/(-5). Let n be 3 - (-1 - c)/(-3 - -4). Suppose 0 = -5*i - 0*m - 4*m + 495, -3*i = -n*m - 319. What are the prime factors of i?
103
Suppose 466 + 204 = 5*p. Let i = p + 37. List the prime factors of i.
3, 19
Suppose -2*x = -2*g - 21892, g + 12 = 11. List the prime factors of x.
5, 11, 199
Suppose -x - 4 = -5*o + 13, -3 = 3*o - 5*x. Suppose 0 = -2*f - 4, -3*n + 892 = -o*f + 194. List the prime factors of n.
2, 5, 23
Let g be -125 - (-1 + (0 - 0)). Suppose 9*y + 102 = 1677. Let z = y + g. List the prime factors of z.
3, 17
Let a = -27 - -32. Suppose -990 = -a*n - 0*n. Suppose 5*h - 2*c - 430 = 0, n = 5*h + 5*c - 267. What are the prime factors of h?
2, 11
Let y be (4/(84/(-511)))/((-3)/(-54)). List the prime factors of (y/5)/((-6)/40).
2, 73
What are the prime factors of (450 - -64)/(2/23)?
23, 257
Let q = -35 - -35. Let p(l) = 2*l + 307. Let f be p(q). Suppose -5*v + 358 = -f. What are the prime factors of v?
7, 19
Let j(s) be the second derivative of 17*s**4/12 + 25*s**3/6 - 9*s**2 - 72*s. List the prime factors of j(-6).
2, 3, 37
Let d = -32 - -34. Let v(m) = -6*m**2 - m - m**3 - m**d - 1659 + 1656. What are the prime factors of v(-9)?
2, 3, 7
Let t(z) = -z**3 - 13*z**2 - 14*z + 1. Let q be t(-12). What are the prime factors of (-555)/6*(-190)/q?
19, 37
Suppose -26 = 3*u - 2. Let j be -236 + -2 - 8/u. Let w = -79 - j. What are the prime factors of w?
2, 79
Let h = -3862 + 8400. List the prime factors of h.
2, 2269
Let s be (1/3)/(100/216900). Let y = 932 - s. What are the prime factors of y?
11, 19
Suppose 4 = 6*k - 8. Suppose k*l - 571 = 305. Suppose z - l = -2*z. List the prime factors of z.
2, 73
Let r be (16/32 - 1/(-4))*-500. Let q = r - -763. List the prime factors of q.
2, 97
Suppose 5*k - 57 = v - 15, 2*v = 6. Let w be k/(-21) + (-1076)/(-28). Let z = 88 - w. List the prime factors of z.
2, 5
Suppose -82003 = -4*k - 3*n, -5*k + 9732*n = 9737*n - 102510. List the prime factors of k.
103, 199
Let z = 24797 - 5249. What are the prime factors of z?
2, 3, 181
Suppose 10*m - 13*m = -3*s + 3, -16 = -4*s - 2*m. List the prime factors of s/2 + (-10971)/(-18).
13, 47
List the prime factors of (204/(-3))/4*-329 - -3.
2, 1399
List the prime factors of (284/20 - 4)*(739 + -44).
3, 17, 139
Let n(g) = -5921*g + 3498. List the prime factors of n(-3).
3, 19, 373
Let b be (-65)/(-30) + -2 - 53/(-6). Let p be (0 - (b + (-2 - -1))) + 2. List the prime factors of (2/p)/(1398/702 - 2).
3, 13
Let p = 297 - 293. Suppose -4*a = 2*z - 1496, 3*z + p*a = 1791 + 455. List the prime factors of z.
2, 3, 5
Let a be 38/10 - (-3)/15. Let f be (-4)/a + 12 + 1. Suppose 2*x + f*x = 434. What are the prime factors of x?
31
Let r be 786/(-5)*(-60)/54*12. Suppose r = 8*f - 1568. List the prime factors of f.
2, 229
Let r = 276 - 249. Suppose 0 = 30*w - r*w - 726. List the prime factors of w.
2, 11
Let m be (-1 - (-5 + 1))/((-3)/(-225)). Suppose -m = 11*s - 6*s. Let g = 188 + s. List the prime factors of g.
11, 13
Let x be -251*2/(-1) + (-1470)/245. Let n = x - -1013. What are the prime factors of n?
3, 503
Suppose -5*o + 10 = 0, 3*n + 5 = o + 3. Suppose n = -2*g + 3*b + 656, 4*g - b = 553 + 739. What are the prime factors of g?
2, 7, 23
Let q(f) = 2*f**3 + 3*f**2 - 2*f - 3. Let n be q(-2). Let a be 1*(-3 + n + 7) + -32. Let j = 41 + a. What are the prime factors of j?
2, 5
Suppose -13 = -0*i - i. Suppose c = -l - 17 + 22, 2*c = -5*l + 25. Let m = i - l. What are the prime factors of m?
2
Let h = 3251 + 10600. What are the prime factors of h?
3, 19
Let q(d) = -6 - 5 - 24*d - 1. Let p(w) = w**3 + 11*w**2 - w - 15. Let v be p(-11). List the prime factors of q(v).
2, 3, 7
Suppose 0 = -22*s - 56063 + 223461. Suppose 5*w = -4*l + 7923, -5*l + 4*w = -s - 2305. List the prime factors of l.
2, 991
Suppose 3*s = 2*y + 29166, -5*s + 3*y + 32755 = -15854. List the prime factors of s.
2, 3, 5
Let c(l) = -9 - 24 - 46*l**2 + 54*l**2 - l**3 + 8*l. What are the prime factors of c(3)?
2, 3
Suppose 5*x + 5 = -2*v, v + 2 = x + 10. Suppose -v*n + 383 = 3*d, -2*n = -n + 3*d - 67. Suppose 31 = 11*r - n. What are the prime factors of r?
2, 5
Let k(s) = -6*s**3 - 6*s**2 - 7*s - 2. Let g be k(-1). Suppose -o - 1275 = -2*p - 6*o, 4*o = -g*p + 3230. List the prime factors of p.
2, 5, 13
Let q = 166 + -161. Suppose g + q*d = 13, 73*d = -3*g + 78*d + 19. List the prime factors of g.
2
Let y(j) = 2 - 1 - 6 + 3 + 3*j**2 - j. Suppose 7*g = -4*g - 44. What are the prime factors of y(g)?
2, 5
Let f be (-5)/2*64/(-160). List the prime factors of 5 + 2 + (-11)/f + 882.
2, 439
Let g(w) be the first derivative of -w**2/2 + 6. Let m(a) = -20*a. Let z(k) = -75*g(k) + 3*m(k). What are the prime factors of z(4)?
2, 3, 5
Suppose 72234 - 11558 = 14*q. List the prime factors of q.
2, 11, 197
Let u = 17973 - -2412. What are the prime factors of u?
3, 5, 151
Suppose 4*w - 3*u - 44 = 0, -4*w = -2*u - 8 - 36. Suppose 0 = -s + 2*s + 3*v - 31, v = s - w. What are the prime factors of (4 - 0)*(s - (-3)/(-1))?
2, 13
Suppose 145*w - 24 = 139*w. Suppose 2*v + w*l = 1044, -4*v = -3*l - 1139 - 949. List the prime factors of v.
2, 3, 29
Suppose -6 = -34*v + 35*v. List the prime factors of 2/((-6)/157)*v.
2, 157
Let a be (-2)/((-12)/(-48)*(-4)/434). Suppose 3*y + 100 = a. Suppose 3*h - y = 71. List the prime factors of h.
109
Let c = 192 - 280. Suppose 5*i + 3*o = 975, -3*i - 5*o - 975 = -8*i. Let a = c + i. What are the prime factors of a?
107
Let g be (12/(-14))/(-2) - (-2375)/175. Suppose -g*l = -15*l + 260. What are the prime factors of l?
2, 5, 13
Suppose 0 = -k - 4*l - 13, -3*l + 0 = 5*k - 3. Let r be -1*(-3 + k)/((-2)/(-2)). Suppose -2*h + 244 = -2*z, r = z + 2 + 2. List the prime factors of h.
2, 59
Let p = -87 + 87. Suppose p = -0*f - 6*f + 1818. List the prime factors of f.
3, 101
Let s(h) = 28*h**2 - 13*h + 259. What are the prime factors of s(14)?
3, 5, 7, 53
Let c = -8054 + 77190. What are the prime factors of c?
2, 29, 149
Let t(d) = -d**3 + 17*d**2 - 30*d + 14. Let j be t(16). Let i = j - -718. What are the prime factors of i?
2, 127
Let w(h) = h**3 - 8*h**2 + 8*h + 5. Let d be w(7). Let x = d + -12. Suppose 2*y = 2*i - 84, 150 = 3*i - x*i + 3*y. List the prime factors of i.
2, 23
Suppose 0 = -5*l - 8*l + 39. Suppose -x + 357 = l*s + s, -x + 357 = -5*s. List the prime factors of x.
3, 7, 17
Let s(n) = 4*n - 33. Let j be s(8). Let h = 191 + j. List the prime factors of h.
2, 5, 19
Let x = -623 - -112. Let z = x + 1054. What are the prime factors of z?
3, 181
What are the prime factors of (2302/(-3))/(-10*(-35)/(-6825))?
13, 1151
What are the prime factors of (-3)/(-5)*(-3 + 1581876/27)?
3, 11717
Suppose 4*z + 396 = -4*p, -9*z + 5*z + p = 376. Let i = -73 - z. List the prime factors of i.
2, 11
Suppose 31*m - 24 = 100. Let w be (0/(-1))/(-1 + 2). Suppose -2*k + m*f + 162 = w, 0*k + 102 = k + 5*f. What are the prime factors of k?
3, 29
Suppose -11*k + 143294 = 15650. List the prime factors of k.
2, 3, 967
Let f(q) = -5*q + 55. Let o = 127 + -74. Suppose 5*l = 3*l - 5*s - o, -3*s - 85 = 5*l. List the prime factors of f(l).
5
Suppose 566 = 2*x + 230. Suppose -10*q = -4*q - x. Suppose -4*d = -5*i - 19, 5*d - i - i = q. List the prime factors of d.
2, 3
Let l be (-1 + 2 + -7)/(-2). Let c be (-24)/(-10) - (-3 + 17/5). What are the prime factors of (c/(4/5) - l)*-126?
3, 7
Suppose -43*d + 40*d = -114. Let v = 33 - d. List the prime factors of 2/v + 184/10.
2, 3
Suppose -4*a = 3*y - 47, 5*y = 4*y + 5. Suppose 1905 = a*x - 1383. What are the prime factors of x?
3, 137
What are the prime factors of (-4*-2*(-2)/16)/(2/(-546))?
3, 7, 13
Let t be (-18)/18 - ((-12)/(-8) - 915/(-6)). Let f(h) = h**2 + 372. Let g be f(0). Let u = t + g. What are the prime factors of u?
7, 31
Suppose -336*n = -329*n - 3486. Let i = n - -696. What are the prime factors of i?
2, 3, 199
Let x = -214 - -217. Suppose -7*k = -3*k - x*t - 69, 3*t = -9. List the prime factors of k.
3, 5
Let o = 4731 - 3947. List the prime factors of o.
2, 7
Let j = -1686 - -1015. Let w = j + 1065. Wha